Suppose -k - k = -a. Calculate the highest common divisor of 252 and k.
28
Suppose 2*t - 47 - 77 = 2*l, 2*t = -3*l + 104. What is the greatest common divisor of t and 87?
29
Let s(h) = 2*h**2 - 9*h + 4. Let c be s(8). Let i be (3/4)/(3/c). Let o be i/6*48/15. What is the highest common divisor of 2 and o?
2
Suppose -l - 1 = d - 0, 3*d - 2 = -2*l. Suppose -42 = -d*o + 3*c + 77, -o + c = -30. Suppose 3*k - 83 = 4. What is the highest common factor of o and k?
29
Suppose -t = -d + 15, -d + 2*t + 17 = -0*t. Suppose 75 = -8*i + d*i. What is the highest common divisor of i and 90?
15
Let z(l) = l**3 + 24*l**2 + 48*l + 36. Let v be z(-21). Calculate the highest common factor of v and 27.
27
Suppose -c = -40 + 28. Let f be ((-159)/9 + 1)*c/(-10). Calculate the highest common divisor of 8 and f.
4
Suppose 73*b + 80 = 89*b. What is the greatest common divisor of 165 and b?
5
Let w(l) = 2*l**2 - 16*l + 29. Let f be w(10). Calculate the greatest common divisor of 92 and f.
23
Let k be 4/14 - 7786/(-238). Calculate the highest common factor of k and 55.
11
Let i be 4*2/((-32)/12). Let n be i - 26/(-4)*14. What is the greatest common divisor of n and 11?
11
Let o(s) = 3*s**2 - s + 2. Let r(p) = p**2 + 16*p + 12. Let u be r(-15). Let k be o(u). Calculate the greatest common factor of 32 and k.
32
Suppose -108 = -25*b - 8. Calculate the highest common factor of 86 and b.
2
Suppose v - 15 = -2*v. Suppose 5*x = v*d - d + 118, -4*d = 8. Calculate the highest common divisor of 2 and x.
2
Let t = 66 + -59. Let o(m) = m**3 - 6*m**2 + m + 7. Let z be o(7). Calculate the greatest common factor of z and t.
7
Let f = 51 + -81. Let w = f - -31. Calculate the highest common factor of w and 13.
1
Suppose -41 = 3*n - 284. Suppose -b = 3*u + 6 - 88, 3*b = 3. Calculate the highest common divisor of u and n.
27
Let x(c) = -c**2 - 7*c - 11. Let v be x(-4). Suppose 5 = 2*n + v. What is the highest common divisor of 22 and n?
2
Suppose 0 = -5*i - 0 + 5. Let u = i + -3. Let s = 26 + u. What is the greatest common factor of s and 8?
8
Suppose -2*g + 35 = v, -2*v + 2*g + 60 = 4*g. Calculate the highest common factor of v and 15.
5
Suppose 0 - 2 = -s. Let a be 0 - (-7 + s)*1. What is the greatest common factor of 5 and a?
5
Let z be (-100)/(-7) + (-4)/14. Let q be (2 + 0)*110/4 + 1. What is the greatest common divisor of q and z?
14
Let d be (-1)/(4/6) + 6396/104. What is the highest common factor of 24 and d?
12
Suppose -6*f + 11*f - 85 = 0. Suppose 29*k + 134 = 2*j + 28*k, 74 = j + 3*k. What is the greatest common divisor of j and f?
17
Let f(y) = -91*y - 427. Let p be f(-5). Calculate the greatest common factor of 756 and p.
28
Let t = 906 - 744. Calculate the greatest common factor of t and 243.
81
Suppose 3*l - 271 = 14. What is the highest common factor of l and 10?
5
Let g = 38 + -29. Let i be 187 + g/(-12)*-4 + -1. Calculate the highest common divisor of 21 and i.
21
Let d be (-72)/(-198) + 54/33. Calculate the greatest common factor of 254 and d.
2
Suppose 2*b = -5*i + 5, -3*b - 5*i + 20 = -0*b. Let h be ((-55)/b)/((-2)/6). What is the greatest common factor of h and 22?
11
Let l = -10 - -27. Let b(d) = -10*d - 3. Let h be b(-1). Let v be 591/h - (-24)/42. What is the highest common factor of l and v?
17
Let n be 1/2*1/((-3)/(-18)). Suppose -66 + 3 = -n*s. Let p = 304 + -157. What is the greatest common divisor of s and p?
21
Let q(z) = z**2 + 30*z + 32. Let v be q(-32). What is the highest common divisor of v and 66?
6
Let q be (-2)/4 + (-2)/4. Let o be (7 - q) + (-1 - -1). Let i = 32998 - 32966. What is the greatest common divisor of i and o?
8
Let i be (5 - 19)/((-4)/6). Suppose -6*n = -3*n - 9. Suppose 2*g = 31 - n. Calculate the highest common factor of i and g.
7
Suppose -4*m = 3*f + 11004, -2*f - m - 3884 - 3457 = 0. Let k be f/170*(-20)/3. Calculate the highest common divisor of k and 6.
6
Suppose -4*z - 804 = -4*t, 2*t + z = -59 + 452. What is the greatest common factor of 165 and t?
33
Suppose -4*g - 2 = 4*i + 2, -7 = -3*g - i. Let j(p) = -p**2 + 3*p + 3. Let n be j(5). Let z be (1 + n)*24/(-9). What is the highest common factor of z and g?
4
Suppose 9*a - 40 + 4 = 0. Let s(d) = -2*d - d + 13*d. Let y be s(4). Calculate the greatest common divisor of a and y.
4
Let f(i) = 11*i**2 - i - 4. Let g be f(4). Let j(t) = 118*t**2 - 5*t - 1. Let o be j(1). Calculate the greatest common divisor of o and g.
56
Let u be (-20)/3*(-60)/(-72)*-9. What is the highest common factor of u and 125?
25
Let n(q) = q**2 + 10*q - 7. Let g be n(-5). Let b be 6/((-8)/(g/3)). Calculate the greatest common factor of b and 16.
8
Let u(f) = -3*f**2 + 25*f - 12. Let z be u(7). Calculate the greatest common factor of 200 and z.
8
Let q = -5 - -7. Let m be (-186)/(-36) + q/(-12). Calculate the greatest common divisor of m and 40.
5
Let p(a) = 2*a**2 - 11*a + 2. Let d be p(8). What is the highest common factor of 24 and d?
6
Let m(s) = -s**3 - 10*s**2 + 13*s - 4. Let a be m(-12). What is the highest common factor of 32 and a?
32
Let f = -279 - -399. Calculate the greatest common factor of 96 and f.
24
Suppose -7 - 8 = -3*g. Calculate the greatest common divisor of g and 80.
5
Let b(c) = c**3 + 6*c**2 + 2. Let u be b(-5). Let n(j) = 4*j + 6. Let z be n(7). Let g = -31 + z. What is the greatest common divisor of g and u?
3
Suppose -107*l + 238 = -100*l. Calculate the greatest common divisor of 850 and l.
34
Let i(m) = 7*m + 1. Let a be i(4). Suppose -h + a = -3*l, -36 = -3*h + 2*l + 30. What is the greatest common divisor of 10 and h?
10
Let c = -56 - -106. What is the highest common factor of 20 and c?
10
Suppose 9*p - 90 = 4*p. Let h(b) = 3*b**2 + 13*b - 216. Let w be h(9). Calculate the highest common factor of p and w.
18
Suppose 27*b - 24*b - 51 = 0. Let y = -39 - -192. Calculate the greatest common factor of b and y.
17
Suppose -92 = -n - 0*n - 2*o, -4*n = 4*o - 364. Suppose -6*p + 624 + n = 0. Calculate the highest common divisor of p and 17.
17
Let x = -33 + 45. Suppose -2*r = w + 4 - x, r = -2*w + 10. What is the highest common factor of w and 2?
2
Let m(x) = -68*x + 1030. Let a be m(15). Let h(q) = -11*q**3 + 2*q + 1. Let v be h(-1). What is the highest common divisor of a and v?
10
Suppose -11*n + 1547 = 491. What is the highest common divisor of n and 84?
12
Let z = -23 + 13. Let g = -7 - z. Suppose -g*u + 238 + 56 = 0. What is the greatest common divisor of 14 and u?
14
Suppose m = -5*q + 140, 3*m = 2*m + 2*q + 161. What is the highest common divisor of m and 10?
5
Suppose -10*s = -14*s + 24. Let g = 2 - 4. Let p be (1 - (0 - g)) + 4. Calculate the highest common factor of s and p.
3
Let b = 35 + -37. Let p be 2348/20 + b/5. Calculate the greatest common factor of p and 13.
13
Suppose 0 = 2*d - 22*d + 40. What is the highest common divisor of 12 and d?
2
Let y be (-3)/7 - (-1542)/21. Let j = 142 - y. Calculate the highest common factor of j and 23.
23
Let m be 17 + -20 - (0 - -1)*-99. What is the greatest common divisor of 12 and m?
12
Suppose 500 = -17*c + 37*c. What is the highest common factor of 135 and c?
5
Suppose -61*i = -11*i - 15750. What is the greatest common factor of i and 525?
105
Suppose 0 = -3*a + 9, -11*g + 44 = -6*g - 2*a. Let y = 200 - 130. Calculate the highest common factor of y and g.
10
Suppose 0 = 6*q + 477 - 6861. Calculate the highest common factor of q and 56.
56
Let k = 2008 + -1984. Calculate the greatest common divisor of k and 246.
6
Let u = 771 + -571. What is the highest common divisor of u and 280?
40
Let w(c) = c**2 - 10*c - 21. Let f be w(12). Suppose -f*d + 42 = -2*j - 24, 4*j = -3*d + 84. Calculate the greatest common divisor of d and 168.
24
Let v be (2 + -6)*(-549)/18. Calculate the greatest common factor of 183 and v.
61
Let k = -3387 - -5018. Calculate the highest common factor of 7 and k.
7
Let m = 220 + -190. Calculate the greatest common divisor of m and 390.
30
Let h be 89/3 + 14/42. What is the greatest common divisor of h and 135?
15
Let v(m) = 31*m + 287. Let f be v(-9). What is the greatest common divisor of 112 and f?
8
Suppose w = d - 3*w - 126, -w + 131 = d. Calculate the highest common divisor of d and 65.
65
Suppose 0*k - k = 0. Suppose 16*q - 20*q + 1144 = k. What is the highest common divisor of q and 26?
26
Suppose -2*c + 3